ime factors of 74921454?
2, 3, 1061, 3923
What are the prime factors of 110394834?
2, 3, 11, 73, 2083
What are the prime factors of 1531248326?
2, 765624163
List the prime factors of 496216852.
2, 601, 206413
List the prime factors of 92526610.
2, 5, 11, 131, 6421
What are the prime factors of 12646294?
2, 6323147
What are the prime factors of 535906477?
421, 1272937
List the prime factors of 75691696.
2, 43, 110017
List the prime factors of 5826972.
2, 3, 277, 1753
List the prime factors of 504603591.
3, 168201197
What are the prime factors of 7833779?
311, 25189
List the prime factors of 45446219.
7, 13, 17, 29, 1013
What are the prime factors of 179818668?
2, 3, 37, 134999
What are the prime factors of 525823375?
5, 7, 11, 54631
List the prime factors of 104522262.
2, 3, 13, 37, 36217
List the prime factors of 22605751.
7, 3229393
What are the prime factors of 2141527431?
3, 713842477
List the prime factors of 142196070.
2, 3, 5, 31, 152899
What are the prime factors of 1378644894?
2, 3, 11, 569, 4079
List the prime factors of 142284403.
199, 397, 1801
What are the prime factors of 1253128971?
3, 417709657
What are the prime factors of 236643871?
389, 608339
List the prime factors of 9398947026.
2, 3, 7, 223784453
List the prime factors of 2804008178.
2, 1402004089
What are the prime factors of 914549995?
5, 182909999
List the prime factors of 1211894433.
3, 44884979
What are the prime factors of 159083498?
2, 7, 37, 73, 601
What are the prime factors of 685094023?
691, 991453
What are the prime factors of 37287862?
2, 139, 134129
List the prime factors of 28279158.
2, 3, 71, 66383
What are the prime factors of 1581310325?
5, 7, 9036059
List the prime factors of 1528234368.
2, 3, 167, 23831
What are the prime factors of 2458260212?
2, 103, 5966651
List the prime factors of 336087383.
13249, 25367
What are the prime factors of 72008541?
3, 11, 242453
What are the prime factors of 37471024?
2, 2341939
What are the prime factors of 27594408?
2, 3, 311, 3697
List the prime factors of 939017246.
2, 163, 2880421
List the prime factors of 6528758.
2, 41, 103, 773
List the prime factors of 1894922888.
2, 607, 390223
What are the prime factors of 1733713997?
59, 71, 109, 3797
List the prime factors of 32522650.
2, 5, 107, 6079
What are the prime factors of 158298717?
3, 307, 171877
List the prime factors of 5529629242.
2, 19, 47, 71, 43607
What are the prime factors of 121339249?
43, 881, 3203
List the prime factors of 501019958.
2, 257, 974747
What are the prime factors of 404156866?
2, 19, 773, 13759
List the prime factors of 52663227.
3, 17554409
List the prime factors of 479992121.
7, 4129, 16607
What are the prime factors of 191936453?
2593, 74021
List the prime factors of 40993618.
2, 241, 85049
List the prime factors of 157696121.
11, 14336011
What are the prime factors of 32454703?
677, 47939
What are the prime factors of 76761853?
7, 157, 69847
List the prime factors of 2195186720.
2, 5, 271, 50627
What are the prime factors of 183729412?
2, 113, 406481
What are the prime factors of 192247918?
2, 6373, 15083
List the prime factors of 541680199.
23, 23551313
What are the prime factors of 637826314?
2, 19, 877, 19139
List the prime factors of 201437286.
2, 3, 33572881
List the prime factors of 77633561.
77633561
List the prime factors of 29302243.
547, 53569
List the prime factors of 4764054062.
2, 109, 263, 83093
What are the prime factors of 8436012?
2, 3, 13, 17, 3181
List the prime factors of 49035923.
49035923
List the prime factors of 2714311692.
2, 3, 541, 139367
What are the prime factors of 904569485?
5, 180913897
What are the prime factors of 118462117?
349, 339433
List the prime factors of 39729101.
29, 1369969
List the prime factors of 646819356.
2, 3, 19, 61, 46507
List the prime factors of 396893857.
37, 10726861
What are the prime factors of 1279517269?
947, 1351127
What are the prime factors of 65898298?
2, 32949149
What are the prime factors of 242519065?
5, 5939, 8167
List the prime factors of 156625941.
3, 1223, 42689
What are the prime factors of 713841753?
3, 43, 5533657
What are the prime factors of 5167770490?
2, 5, 191, 1069, 2531
List the prime factors of 665697710.
2, 5, 37, 263, 6841
What are the prime factors of 781564483?
7, 111652069
What are the prime factors of 96368362?
2, 127, 461, 823
List the prime factors of 16643036.
2, 2011, 2069
What are the prime factors of 77422500?
2, 3, 5, 31, 37
What are the prime factors of 6959732683?
53, 83, 1582117
List the prime factors of 6706707.
3, 7, 59, 5413
What are the prime factors of 632163694?
2, 23, 71, 193559
What are the prime factors of 153115475?
5, 43, 142433
What are the prime factors of 224467902?
2, 3, 23, 180731
List the prime factors of 419403513.
3, 47, 107, 27799
What are the prime factors of 525711940?
2, 5, 13, 347, 5827
List the prime factors of 2999891163.
3, 999963721
What are the prime factors of 33307799?
7, 679751
List the prime factors of 77220335.
5, 15444067
List the prime factors of 67969131.
3, 431, 52567
What are the prime factors of 8120887?
8120887
List the prime factors of 265537570.
2, 5, 113, 234989
What are the prime factors of 4972704977?
13163, 377779
List the prime factors of 63230542.
2, 23, 167, 8231
What are the prime factors of 191326634?
2, 6679, 14323
What are the prime factors of 66130252?
2, 71, 232853
List the prime factors of 34910090.
2, 5, 23, 151783
What are the prime factors of 24240408?
2, 3, 271, 3727
List the prime factors of 5378387780.
2, 5, 31, 8674819
What are the prime factors of 138651928?
2, 331, 52361
List the prime factors of 108180510.
2, 3, 5, 3606017
List the prime factors of 195564129.
3, 37, 43, 40973
What are the prime factors of 37835928?
2, 3, 13, 40423
List the prime factors of 2022422055.
3, 5, 1709, 78893
What are the prime factors of 79794764?
2, 7, 2849813
What are the prime factors of 108298144?
2, 571, 5927
List the prime factors of 45138793.
7, 6448399
What are the prime factors of 923921267?
2657, 347731
What are the prime factors of 8434473?
3, 53, 53047
What are the prime factors of 829515?
3, 5, 17, 3253
List the prime factors of 3785218745.
5, 7, 11, 9831737
What are the prime factors of 23113764?
2, 3, 642049
What are the prime factors of 25487537?
67, 157, 2423
List the prime factors of 2042672678.
2, 157, 6505327
What are the prime factors of 204432570?
2, 3, 5, 2271473
What are the prime factors of 14551699?
14551699
What are the prime factors of 261511378?
2, 251, 257, 2027
What are the prime factors of 767194769?
11, 53, 1315943
List the prime factors of 25566016.
2, 7, 149, 383
List the prime factors of 44881819.
17, 19, 283, 491
What are the prime factors of 69317010?
2, 3, 5, 7, 47, 2341
What are the prime factors of 60617121?
3, 17, 23, 31, 1667
What are the prime factors of 397554036?
2, 3, 11, 59, 51047
List the prime factors of 7245212.
2, 13, 277, 503
What are the prime factors of 30926180?
2, 5, 29, 71, 751
List the prime factors of 21555827.
59, 283, 1291
List the prime factors of 2619235434.
2, 3, 181, 1249, 1931
What are the prime factors of 67174759?
29, 2316371
List the prime factors of 6991472708.
2, 11, 773, 205559
List the prime factors of 445026394.
2, 353, 630349
What are the prime factors of 1257994438?
2, 15271, 41189
What are the prime factors of 717201290?
2, 5, 13, 5516933
What are the prime factors of 217293824?
2, 11, 101, 191
List the prime factors of 168544310.
2, 5, 11, 401, 3821
What are the prime factors of 1695751764?
2, 3, 7, 223, 90527
What are the prime factors of 158321589?
3, 149, 337, 1051
List the prime factors of 139479738.
2, 3, 47, 494609
List the prime factors of 709738190.
2, 5, 7, 1013, 10009
What are the prime factors of 42484951?
89, 477359
List the prime factors of 85978557.
3, 7, 47, 9679
List the prime factors of 272473588.
2, 68118397
What are the prime factors of 231281187?
3, 77093729
List the prime factors of 1054325030.
2, 5, 11, 113, 701
What are the prime factors of 1796609903?
11, 3407, 47939
List the prime factors of 19680574.
2, 41, 240007
What are the prime factors of 238563376?
2, 14910211
What are the prime factors of 663040768?
2, 13, 167, 1193
List the prime factors of 460042193.
13, 19, 1862519
List the prime 